 556325493?
6
What is the units digit of 26390640?
0
What is the hundred millions digit of 571771334?
5
What is the thousands digit of 434423992?
3
What is the ten millions digit of 56072795?
5
What is the units digit of 5819696?
6
What is the thousands digit of 2945586?
5
What is the hundred thousands digit of 75315740?
3
What is the millions digit of 3771294488?
1
What is the hundred millions digit of 262059853?
2
What is the units digit of 32204060?
0
What is the tens digit of 10784768?
6
What is the millions digit of 1459272138?
9
What is the tens digit of 3442794506?
0
What is the ten millions digit of 59794592?
5
What is the ten millions digit of 140428280?
4
What is the hundred thousands digit of 1734813771?
8
What is the ten millions digit of 163317013?
6
What is the units digit of 1507077083?
3
What is the millions digit of 53550768?
3
What is the ten millions digit of 65621184?
6
What is the ten thousands digit of 71555883?
5
What is the millions digit of 4774474224?
4
What is the tens digit of 459103077?
7
What is the hundred thousands digit of 79218670?
2
What is the tens digit of 572242569?
6
What is the millions digit of 38431193?
8
What is the hundred thousands digit of 1473454053?
4
What is the units digit of 9957889?
9
What is the ten thousands digit of 301033939?
3
What is the hundred thousands digit of 55811015?
8
What is the units digit of 2497587108?
8
What is the hundreds digit of 180793373?
3
What is the hundred millions digit of 1798642399?
7
What is the tens digit of 337896907?
0
What is the hundreds digit of 145788920?
9
What is the hundred millions digit of 259560157?
2
What is the ten thousands digit of 738434733?
3
What is the hundreds digit of 920548483?
4
What is the thousands digit of 3869195955?
5
What is the tens digit of 58227813?
1
What is the tens digit of 601469359?
5
What is the ten millions digit of 155300234?
5
What is the tens digit of 104804684?
8
What is the thousands digit of 210613855?
3
What is the units digit of 120530278?
8
What is the hundred millions digit of 3751472509?
7
What is the hundred thousands digit of 1330955451?
9
What is the millions digit of 4717798?
4
What is the millions digit of 29534397?
9
What is the millions digit of 158323358?
8
What is the thousands digit of 225606363?
6
What is the hundred thousands digit of 39120394?
1
What is the tens digit of 169324193?
9
What is the millions digit of 97739550?
7
What is the ten millions digit of 68025844?
6
What is the hundred thousands digit of 62461953?
4
What is the hundreds digit of 216159613?
6
What is the thousands digit of 4314860476?
0
What is the ten thousands digit of 43317782?
1
What is the hundreds digit of 4783469?
4
What is the hundreds digit of 115824848?
8
What is the thousands digit of 98853655?
3
What is the ten millions digit of 3716760589?
1
What is the tens digit of 123964851?
5
What is the ten millions digit of 5545915724?
4
What is the ten thousands digit of 1586381137?
8
What is the ten thousands digit of 221137930?
3
What is the tens digit of 1188835475?
7
What is the tens digit of 1069643076?
7
What is the thousands digit of 6038255894?
5
What is the units digit of 60903131?
1
What is the hundred millions digit of 4500254512?
5
What is the thousands digit of 323491063?
1
What is the hundred thousands digit of 233930267?
9
What is the ten millions digit of 2783309735?
8
What is the hundred thousands digit of 6666388550?
3
What is the hundreds digit of 874373512?
5
What is the units digit of 97278971?
1
What is the ten millions digit of 1838487805?
3
What is the hundred thousands digit of 73252440?
2
What is the hundreds digit of 599796284?
2
What is the hundred thousands digit of 29493415?
4
What is the billions digit of 1218308286?
1
What is the ten millions digit of 253069856?
5
What is the units digit of 8796644907?
7
What is the units digit of 2840689993?
3
What is the hundred thousands digit of 63725883?
7
What is the hundred thousands digit of 219217234?
2
What is the thousands digit of 2006372790?
2
What is the millions digit of 241653656?
1
What is the billions digit of 1191469380?
1
What is the hundred millions digit of 2019143907?
0
What is the thousands digit of 6247411?
7
What is the hundred thousands digit of 255781155?
7
What is the hundreds digit of 31190360?
3
What is the hundred thousands digit of 488196?
4
What is the thousands digit of 868910575?
0
What is the ten millions digit of 20949716?
2
What is the thousands digit of 19978739?
8
What is the hundreds digit of 290377339?
3
What is the hundred thousands digit of 323876168?
8
What is the millions digit of 162635942?
2
What is the units digit of 224205570?
0
What is the tens digit of 3017343562?
6
What is the millions digit of 127550007?
7
What is the ten thousands digit of 578630174?
3
What is the hundreds digit of 302880116?
1
What is the tens digit of 726260317?
1
What is the thousands digit of 7593384?
3
What is the units digit of 48104047?
7
What is the tens digit of 5812372541?
4
What is the units digit of 98526179?
9
What is the hundred millions digit of 110790196?
1
What is the ten thousands digit of 606703244?
0
What is the ten thousands digit of 8125237716?
3
What is the units digit of 55712759?
9
What is the thousands digit of 562191295?
1
What is the hundred thousands digit of 13787915?
7
What is the thousands digit of 1962687167?
7
What is the tens digit of 3298289593?
9
What is the ten millions digit of 74944077?
7
What is the thousands digit of 235461440?
1
What is the hundreds digit of 9316646?
6
What is the millions digit of 74052984?
4
What is the tens digit of 33972160?
6
What is the units digit of 304895993?
3
What is the ten millions digit of 61729355?
6
What is the thousands digit of 3411205946?
5
What is the thousands digit of 54514944?
4
What is the hundred thousands digit of 5447380521?
3
What is the hundred thousands digit of 1255840770?
8
What is the millions digit of 23389502?
3
What is the hundreds digit of 984054480?
4
What is the hundred thousands digit of 44291668?
2
What is the hundreds digit of 2834458?
4
What is the millions digit of 32900752?
2
What is the hundred thousands digit of 75551634?
5
What is the ten millions digit of 1033993132?
3
What is the tens digit of 4140057823?
2
What is the ten millions digit of 4371583635?
7
What is the hundreds digit of 45478172?
1
What is the hundred millions digit of 1069179376?
0
What is the hundred millions digit of 100546229?
1
What is the units digit of 945420728?
8
What is the units digit of 2040818183?
3
What is the millions digit of 1977320323?
7
What is the units digit of 11919380?
0
What is the hundreds digit of 234621242?
2
What is the millions digit of 228742140?
8
What is the millions digit of 7798926600?
8
What is the hundred millions digit of 4661650328?
6
What is the hundred millions digit of 282538403?
2
What is the hundreds digit of 8847189?
1
What is the hundreds digit of 57776755?
7
What is the hundred thousands digit of 1238743528?
7
What is the hundreds digit of 1065459534?
5
What is the thousands digit of 1925428945?
8
What is the tens digit of 255612402?
0
What is the millions digit of 70279735?
0
What is the ten thousands digit of 350835947?
3
What is the hundred thousands digit of 7524098053?
0
What is the hundreds digit of 278306666?
6
What is the hundreds digit of 356615768?
7
What is the tens digit of 28659674?
7
What is the tens digit of 212892953?
5
What is the tens digit of 1767815842?
4
What is the ten millions digit of 393570455?
9
What is the ten millions digit of 5657121434?
5
What is the hundred millions digit of 225338567?
2
What is the tens digit of 5914775217?
1
What is the hundreds digit of 343742315?
3
What is the hundred thousands digit of 110104243?
1
What is the ten millions digit of 1215030022?
1
What is the units digit of 306770145?
5
What is the hundreds digit of 89139726?
7
What is the units digit of 71261061?
1
What is the millions digit of 286067577?
6
What is the thousands digit of 431105199?
5
What is the hundred thousands digit of 235967402?
9
What is the tens digit of 43408822?
2
What is the tens digit of 32744099?
9
What is the hundred millions digit of 381373410?
3
What is the units digit of 17311945?
5
W